t y(c) = -c**2 - 66*c - 656. Give y(-54).
-8
Let w(l) = -l**3 + 8*l**2 - 6*l + 8. Determine w(6).
44
Let j(g) = 45*g + 225. Calculate j(-5).
0
Let u(r) = -6*r + 44. Calculate u(7).
2
Let b(g) = g**3 - 15*g**2 + 50*g - 7. Determine b(10).
-7
Let q(d) = -d - 9. What is q(-7)?
-2
Let y(b) = -b + 22. Give y(-8).
30
Let a(b) = -b**2 - 16*b + 30. Determine a(-17).
13
Let s(p) = -p**3 - 3*p**2. Give s(-3).
0
Let z(v) = v**3 + v**2 + v - 42. Calculate z(0).
-42
Let x(s) = -s**3 + 12*s**2 + 14*s - 19. Give x(13).
-6
Let k(a) = -a**3 - a**2 + 2*a + 3. What is k(-3)?
15
Let v(w) = -3*w + 22. Calculate v(7).
1
Let i(n) = -2*n - 45. Determine i(-14).
-17
Let k(y) = y + 1. What is k(1)?
2
Let t(g) = -g**2 - 12*g + 7. What is t(-12)?
7
Let c(h) = -7*h + 1. Calculate c(1).
-6
Let o(a) = 3*a**2 - a. Determine o(2).
10
Let b(z) = z**2 + 5*z - 225. Give b(-18).
9
Let n(h) = h**2 + 39*h - 131. What is n(-41)?
-49
Let n(p) = -2*p - 28. Determine n(-16).
4
Let d(q) = -q**3 + 8*q**2 - 5*q - 1. Determine d(5).
49
Let h(a) = -a**3 - 6*a**2 + 44*a + 220. What is h(-8)?
-4
Let b(u) = u**3 - 13*u + 19. Give b(3).
7
Let i(f) = 6*f + 78. Calculate i(-6).
42
Let l(g) = -3*g**2 - 5*g + 11. Calculate l(-5).
-39
Let j(h) = h**2 - 12*h - 1. Calculate j(12).
-1
Let l(n) = -2*n**3 - 8*n**2 + 12*n - 3. Determine l(-6).
69
Let m(x) = -x**3 - 7*x**2 + 2*x + 2. What is m(-7)?
-12
Let m(a) = -7*a - 89. What is m(-14)?
9
Let n(p) = p**2 - 18*p - 23. What is n(19)?
-4
Let n(a) = 12*a + 18. Determine n(-2).
-6
Let b(t) = -t**3 + 15*t**2 + 3*t - 1. Calculate b(15).
44
Let p(u) = u**2 - 37. Give p(6).
-1
Let t(k) = -3*k + 2. Give t(-7).
23
Let p(w) = -w**2 + 6*w + 15. What is p(8)?
-1
Let g(z) = 22*z + 33. What is g(-6)?
-99
Let g(c) = -45*c**2 - 15*c + 15. Determine g(1).
-45
Let m(v) = -v**3 + 6*v**2 + 6. What is m(6)?
6
Let x(w) = w**2 - 7*w - 20. What is x(9)?
-2
Let s(i) = 2*i**3 - 27*i**2 - 19*i + 13. Determine s(14).
-57
Let t(x) = -2*x**2 - 7*x + 19. Determine t(-7).
-30
Let u(t) = -t**3 - 7*t**2 + 32*t + 2. Calculate u(-10).
-18
Let o(k) = -k - 13. Give o(-10).
-3
Let i(b) = b**2 - 9*b - 6. What is i(12)?
30
Let j(m) = -93*m - 562. Determine j(-6).
-4
Let v(d) = 3*d + 6. Determine v(-5).
-9
Let a(g) = -g**3 - 6*g**2 - 2*g + 3. Calculate a(-5).
-12
Let f(w) = w - 4. Calculate f(-4).
-8
Let d(j) = j**3 - 7*j**2 + j - 7. Calculate d(7).
0
Let t(q) = -11*q - 47. What is t(-4)?
-3
Let n(b) = -33*b + 1. Give n(-3).
100
Let i(w) = 5*w**2 + 2*w. Determine i(-4).
72
Let s(o) = 2*o**2 - 9*o - 6. Calculate s(7).
29
Let i(a) = -2*a - 23. Determine i(-5).
-13
Let w(m) = -10*m - 19. Determine w(-3).
11
Let x(d) = -2*d**2 - 17*d - 50. Give x(-5).
-15
Let a(k) = -k**3 - 23*k**2 + 108*k + 9. What is a(-27)?
9
Let r(f) = 2*f**2 + 4*f + 4. Determine r(-2).
4
Let i(q) = q**2 - 10*q - 21. Determine i(12).
3
Let o(t) = -50*t + 1. What is o(1)?
-49
Let s(i) = -i**3 - 7*i**2 + 5*i - 8. Give s(-8).
16
Let x(n) = -n**2 - 2*n + 9. Give x(-4).
1
Let y(z) = -22*z**3 + 3*z**2 - 9*z + 8. Give y(1).
-20
Let x(i) = -4*i**2 - 34*i + 14. Determine x(-10).
-46
Let y(p) = -p**3 - 2*p**2 - p + 33. What is y(0)?
33
Let p(h) = h**3 - 3*h - 4. Give p(-3).
-22
Let j(k) = 14*k**3 + k. Give j(1).
15
Let c(y) = 10*y + 11. What is c(2)?
31
Let w(z) = -z**3 + 17*z**2 + 39*z - 16. Calculate w(19).
3
Let y(z) = -z**2 + 5*z + 12. Calculate y(-3).
-12
Let p(j) = 2*j**3 + 2*j - 4. Give p(2).
16
Let l(v) = -v**3 - 33*v**2 - 7*v - 231. Calculate l(-33).
0
Let s(d) = -d**3 - 20*d**2 + d + 25. What is s(-20)?
5
Let a(s) = -s**3 - 16*s**2 - 15*s - 12. Determine a(-15).
-12
Let j(f) = -5*f**3 + 13*f**2 - 11*f. What is j(1)?
-3
Let n(u) = -u**3 - 8*u**2 - 7*u + 1. What is n(-7)?
1
Let h(r) = -10*r + 4. Give h(5).
-46
Let p(r) = 7*r**2 - r + 3. What is p(-3)?
69
Let i(k) = -3*k + 3. Determine i(-3).
12
Let a(j) = j**2 - 13*j - 16. Calculate a(14).
-2
Let p(f) = -37*f - 666. Calculate p(-18).
0
Let a(o) = -o**3 + 28*o**2 + 30*o - 28. What is a(29)?
1
Let h(i) = i**3 - 4*i**2 - 2*i + 6. Calculate h(2).
-6
Let s(j) = -j**2 - 9*j - 9. Determine s(-9).
-9
Let w(z) = -z**2 + 4*z + 7. Determine w(7).
-14
Let t(a) = 7*a - 16. Calculate t(6).
26
Let v(b) = b**3 - 7*b - 9. What is v(-4)?
-45
Let u(o) = 5*o + 284. Give u(-52).
24
Let x(b) = 20*b + 9. Calculate x(5).
109
Let w(c) = 10*c - 5. Calculate w(2).
15
Let b(h) = -3*h**2 - 2*h - 2. What is b(-1)?
-3
Let g(w) = -w**3 - 59*w**2 + 63*w + 175. Give g(-60).
-5
Let g(b) = -b + 5. What is g(-4)?
9
Let p(n) = 3*n**3 + 6*n**2 + 7*n + 1. Give p(-3).
-47
Let i(f) = -f**2 - 7*f - 7. Give i(-6).
-1
Let s(y) = -60*y - 230. Calculate s(-4).
10
Let b(f) = f**3 - 29*f**2 + 27*f + 48. Calculate b(28).
20
Let v(d) = -3*d - 29. Calculate v(-8).
-5
Let k(y) = -35*y - 176. Determine k(-5).
-1
Let l(f) = 35*f - 23. Calculate l(2).
47
Let o(z) = -z**3 - z**2 + 9*z - 16. Calculate o(-4).
-4
Let o(z) = z**2 - 4*z - 2. Calculate o(4).
-2
Let l(p) = p**3 - 4*p**2 + 2*p + 2. What is l(4)?
10
Let b(v) = -v**3 - 3*v**2 - 2*v - 14. What is b(-5)?
46
Let s(r) = -5*r. What is s(5)?
-25
Let i(d) = -2*d**2 - 65*d - 88. Determine i(-31).
5
Let d(z) = -z**2 + 21*z + 75. Calculate d(24).
3
Let g(n) = 3*n**2 - 4*n + 2. What is g(2)?
6
Let f(l) = -64*l**2 + l + 2. What is f(-1)?
-63
Let j(d) = -2*d - 58. Calculate j(-10).
-38
Let t(m) = -35*m - 16. Calculate t(-1).
19
Let c(h) = h**2 + 29*h + 50. Give c(-27).
-4
Let w(g) = -g**2 - 30*g + 99. Give w(-33).
0
Let i(u) = -7*u - 3. Calculate i(5).
-38
Let r(p) = -p**2 + 4*p + 1. What is r(3)?
4
Let y(g) = 35*g**3 - 2*g + 1. Calculate y(1).
34
Let r(v) = v**2 + 6*v + 1. Determine r(-4).
-7
Let k(g) = -3*g**3 - 13*g**2 - 3*g - 3. What is k(-4)?
-7
Let f(m) = 3*m + 57. Give f(-17).
6
Let c(f) = 7*f - 30. What is c(4)?
-2
Let f(o) = o**3 - 3*o**2 - 7*o + 9. Calculate f(4).
-3
Let h(x) = -5*x - 3. What is h(-4)?
17
Let a(x) = x**3 + 6*x**2 - 5*x - 6. Calculate a(-5).
44
Let c(f) = f**2 + 5*f - 24. Give c(-10).
26
Let o(z) = z**3 - 13*z**2 + 3*z - 7. Give o(13).
32
Let g(l) = l**2 - 13*l - 3. What is g(13)?
-3
Let n(c) = c**3 - c**2 + 3*c + 3. Determine n(-2).
-15
Let n(v) = -4*v**2 + v. Give n(2).
-14
Let v(j) = -2*j**2 - 53*j - 40. Calculate v(-26).
-14
Let w(d) = 2*d**3 - 82*d**2 + 2*d - 85. Determine w(41).
-3
Let m(l) = l**3 - 7*l**2 - 10*l + 2. Give m(7).
-68
Let p(w) = 6*w**3 - 2*w - 1. Calculate p(-1).
-5
Let i(g) = 3*g**2 - g + 1. What is i(1)?
3
Let l(u) = -2*u**2 + 14*u - 9. What is l(6)?
3
Let s(m) = m - 29. Calculate s(0).
-29
Let w(l) = l - 5. Determine w(4).
-1
Let x(g) = 6*g**2 + 71*g + 59. Calculate x(-11).
4
Let w(k) = -k**2 + 9*k - 6. Give w(9).
-6
Let g(z) = -z**2 - 15*z - 13. What is g(-12)?
23
Let k(x) = x**2 + 8*x - 8. Determine k(1).
1
Let s(u) = -u**2 + 35*u - 299. Give s(18).
7
Let p(t) = -2*t**2 + 11*t - 11. What is p(5)?
-6
Let h(s) = s**3 - 28*s**2 - s + 12. Determine h(28).
-16
Let n(y) = y**2 - 12*y + 13. Give n(11).
2
Let n(z) = -z**3 - 9*z**2 + z + 2. Calculate n(-9).
-7
Let f(w) = w**2 + 14*w + 5. Give f(-11).
-28
Let p(l) = -197*l**3 + l**2 + 3*l + 2. Give p(-1).
197
Let m(g) = -g**3 + 9*g**2 - 8*g - 3. Calculate m(8).
-3
Let a(f) = -14*f - 1. Give a(-3).
41
Let y(k) = 9*k - 73. Determine y(8).
-1
Let k(m) = 5*m + 10. What is k(-8)?
-30
Let m(r) = -r**3 - 4*r**2 + 4*r. What is m(-5)?
5
Let g(r) = r**2 - 2*r - 8. Calculate g(4).
0
Let y(v) = 64*v + 6. Give y(-2).
-122
Let r(i) = -2*i**2 + 8*i + 3. What is r(5)?
-7
Let x(o) = o**3 - 11*o**2 + 24*o - 56. Determine x(9).
-2
Let r(z) = 3*z - 6. What is r(4)?
6
Let y(p) = -p**2 + 4*p - 4. Calculate y(5).
-9
Let j(w) = -w - 4. Give j(-7).
3
Let d(a) = a**2 - 26*a + 180. Calculate d(15).
15
Let d(k) = -k**2 + k - 3. What is d(9)?
-75
Let b(n) = 20*n - 368. Determine b(19).
12
Let h(p) = 5*p**3 + p**2 + p. Determine h(-1).
-5
Let p(c) = -c**3 + 9*c**2 - 13. Give p(9).
-13
Let v(i) = -2*i**2 - 20*i + 23. What is v(-11)?
1
Let y(g) = g**3 - 15*g**2 - 14*g - 6. Give y(16).
26
Let n(y) = y**2 + 5*y - 19. What is n(2)?
-5
Let w(j) = 69*j + 49. Calculate w(-1).
-20
Let y(r) = 2*r**2 - 5*r - 23. What is y(-3)?
10
Let i(z) = z - 12. Determine i(10).
-2
Let a(o) = -6*o**2 - 57*o + 34. Calculate a(-10).
4
Let v(l) = -8*l + 10. What is v(7)?
-46
Let h(v) = -v**3 + 7*v**2 - 4*v. What is h(3)?
24
Let b(v) = -v**2 + 20*v - 6. D